2. Let t(m) = -m + 30. Let b(n) = -6*r(n) - 34*t(n). Calculate b(-6).
24
Suppose 0 = z - 9 + 7. Suppose z*f - 11 + 19 = 0. Let n(w) = w**2 + 3*w + 1. Give n(f).
5
Let b(d) = d**2 - 5*d + 3. Let x(j) = -j**3 + 2*j**2 + 4*j. Suppose r - 2*r = -12. Let s = 15 - r. Let o be x(s). Give b(o).
-3
Let w(h) = -5*h - 5. Let j(v) = -5*v - 4. Let g = -15 + 12. Let r(f) = g*w(f) + 4*j(f). Determine r(1).
-6
Let q(y) = 3*y + 8*y**2 + 176 - 178 - y**3 - 3*y**2 + 2*y**3. Let m be 42/4 + (-2)/4. Suppose -4*a + 8 = 0, -m = 5*s + 5*a - 0. Calculate q(s).
2
Let s(i) be the first derivative of -i**4/4 - 2*i**3/3 + 3*i**2/2 + 2*i - 71. Let o = -2 + 2. Suppose -2*d - 2*a + 3*a = o, d - a - 2 = 0. Calculate s(d).
-4
Suppose -2 = -0*q - 2*q, -5*q = 3*r - 20. Let v(n) = -6*n**2 + 4*n + n**3 + 2 + n - 6. What is v(r)?
-4
Let l(u) = -u**2 - 7*u + 6. Suppose 7*r + 689 = -6*r. Let x = -60 - r. Calculate l(x).
6
Let o(w) = -5*w + 7. Let g(p) = 4*p - 8. Let d(y) = 3*g(y) + 2*o(y). Calculate d(8).
6
Let j(m) = -6*m**3 - m**2 + 10*m - 1. Let x(g) = 19*g**3 + 3*g**2 - 28*g + 3. Let n(k) = -17*j(k) - 6*x(k). Give n(-1).
12
Let u(t) be the first derivative of -1/60*t**5 + 0*t**2 - 1/3*t**4 - 2*t**3 - 4 + 0*t. Let n(i) be the third derivative of u(i). Give n(-6).
4
Let f(k) = 5*k. Let s(x) = x**3 + 8*x**2 + 3*x - 6. Let h be s(-5). Let g = h - 52. Calculate f(g).
10
Suppose 5*h = 5, 5*v + 3*h + 19 = 42. Let o(c) = 0*c - 3*c**2 + 2*c**2 - 3*c + v*c. Give o(2).
-2
Suppose 8*r - 2 = 6. Let c(d) = 0*d**2 - 3*d**2 + 3*d + r + 2*d**2. Give c(4).
-3
Let s(x) = -5*x**3 + 3*x**2 + 4*x**3 - 1 + 0*x**3 + 6*x. Let o(a) = -326*a - 1626. Let w be o(-5). Calculate s(w).
7
Suppose 67 = 6*g - 35. Let p(i) = 1 + 5*i**2 - 4*i**2 - 2*i - 16*i**3 + g*i**3. What is p(1)?
1
Suppose 27 = p + 25. Suppose 2*q = 2*y - 2, 5*y = -0*q - 2*q + 26. Let a be (y/(-8))/(p/(-16)). Let j(r) = r**2 - 6*r + 3. Calculate j(a).
-5
Let c(x) = 4. Let d(o) = 2*o**2 + 6*o - 5. Let k(q) = 2*c(q) + d(q). Calculate k(-3).
3
Suppose 8*p = -4*p + 60. Let o = 10 - 6. Let q(u) = 3 - p*u - u + o*u - 8. Determine q(6).
-17
Let r(k) = -k**3 + 10*k**2 - 13*k + 13. Let j = 35 - 26. Determine r(j).
-23
Let k(g) = -4 + 8*g**2 - 5 + 2*g + 0*g - g**3. Suppose 177 - 113 = 8*o. What is k(o)?
7
Let f = 16 + -13. Let y = -3 - f. Let i(q) = -q**2 - 8*q - 9. Calculate i(y).
3
Let h(k) = 2*k - 3258 + k + 3257 + k**2. Calculate h(-3).
-1
Suppose 0 = -2*o + 14 - 8. Suppose 10 = o*r + 2*r. Let l(q) be the first derivative of 3*q**2/2 + 2*q + 2. What is l(r)?
8
Let f(x) = 1. Let n(h) = -5*h + 6. Let r(i) = -3*i + 3. Let t(k) = -4*n(k) + 7*r(k). Let d(o) = f(o) + t(o). What is d(5)?
-7
Let i(b) = -13*b**3 + 18*b**2 + 11*b - 16. Let p(f) = -7*f**3 + 9*f**2 + 5*f - 8. Let z(s) = 6*i(s) - 11*p(s). Calculate z(10).
2
Let v(p) be the third derivative of p**6/120 - p**5/20 - p**4/12 - p**3/3 - 273*p**2. What is v(3)?
-8
Let q(u) = 35*u - u**3 + 1 + 3*u**2 + 7*u - 38*u - 2*u**2 + 0*u**2. Give q(-2).
5
Suppose 0*k = -2*k - 40. Let l = -18 - k. Let d(b) = -14*b**l - 4*b**2 + 6*b**2 + 0*b + b. Calculate d(1).
-11
Let d be (-57)/(-21) - (-4)/14. Let b(u) = -4*u**2 + 3*u - 1. Let j(s) = -9*s**2 + 7*s - 2. Let n(h) = -13*b(h) + 6*j(h). Determine n(d).
-8
Let c(g) = -8*g**3 + 30*g**2 + 13*g + 49. Let j(f) = -3*f**3 + 10*f**2 + 4*f + 17. Let o(k) = 4*c(k) - 11*j(k). Calculate o(-9).
18
Let j be 4 - (-4)/2 - (-2)/(-1). Let c(m) = m**2 - 2*m. What is c(j)?
8
Let p be (-4)/(-3)*(-3)/(-1). Let n(q) = 6*q - 5*q - 4*q - 2*q**2 + p*q**3 + 0*q**3 + 3. Calculate n(2).
21
Let h = 4 + -1. Let m(i) = -4 - 5*i**2 - 1 - i + 3 + 2*i**2 + i**h. Let v = 13 - 9. Give m(v).
10
Let z(w) = 0*w**2 + 2*w - 4552 + 4561 + w**2. Calculate z(-7).
44
Let g(b) = -2*b + 17. Let i be g(9). Let d be ((-15)/12)/(i/4). Let t(w) = w**2 - 3*w - 4. Calculate t(d).
6
Let x be -1 + 0 + (-15)/1. Let n(c) = -c**3 - 17*c**2 - 15*c + 16. Let j be n(x). Let s(o) = -o - 2. Determine s(j).
-2
Let l(y) be the first derivative of -y**3/3 + y**2/2 - 2*y - 211. Let d be 9/2 - (-1)/(-2). Calculate l(d).
-14
Let a(o) = -o**2 - o. Let b(i) = -3*i**2 - 6*i - 11. Let t(d) = 6*a(d) - b(d). Let g(y) be the first derivative of t(y). Give g(-2).
12
Suppose -5*m + 2*p = -14, 0 = 3*m - 2*p - 6 - 0. Let l(v) = -10 - m + 3*v + 15. Let c(b) = -b**2 + 3*b + 1. Let u be c(3). Determine l(u).
4
Let x(i) be the third derivative of -i**5/40 - i**4/4 - i**3/2 + 3*i**2. Let g(t) be the first derivative of x(t). Determine g(-4).
6
Let c = 22 - 28. Let k(n) = 5*n**2 + 7*n + 6. Let v(h) be the second derivative of h**4/2 + 7*h**3/6 + 3*h**2 - 2*h. Let i(a) = -5*k(a) + 4*v(a). What is i(c)?
0
Let o(u) be the second derivative of -u**4/12 + 7*u**3/6 - u**2/2 + u. Suppose 2*w = -5*b + 14, 3*w + 3*b - 21 = -0*w. Determine o(w).
-1
Let x be (-50)/15*(-12)/5. Let p = 16 + x. Let b = 27 - p. Let r(q) = q**3 - 3*q**2 + 2*q + 4. Give r(b).
10
Let k(l) = 2*l + 1. Suppose 35 = 12*v - 7*v. What is k(v)?
15
Let b(o) = -2*o + o**2 - 3 + 6 + 4 - 4. Let t be (3 - 6) + 1 + 2. Let h be b(t). Let y(x) = -3*x**2 + 5*x - 4. What is y(h)?
-16
Let m = -103 + 68. Let b be (-42)/m - (-2)/(-10). Let k(i) = b + 2*i - 1 - 6. Give k(-5).
-16
Let z(m) = -3*m - 24. Let w be z(-10). Let b(h) = 71 - h**3 - w*h**2 - 2*h - 62 + 4*h. Give b(-6).
-3
Let b(u) be the first derivative of -u**4/4 + 8*u**3/3 + 3*u**2/2 + 8*u + 465. Give b(8).
32
Let u(h) = -h**2 + 8*h - 9. Let r(j) = -7*j + 312. Let c be r(44). Give u(c).
7
Let x(n) = n**2 + n - 8. Let q be 2/((-117)/198 - 2/(-22)). Calculate x(q).
4
Let j(o) = -56*o + 91. Let u(c) = -10*c + 18. Let m(f) = 2*j(f) - 11*u(f). Calculate m(-11).
6
Suppose 12 + 15 = 3*u. Let a(f) be the third derivative of f**4/8 - 7*f**3/2 + 2*f**2. Let v be a(u). Let l(z) = z**3 - 6*z**2 + 2*z + 3. Determine l(v).
15
Let r(c) = 4 + 2 + 12*c + 4 + c**2 + 0*c. Determine r(-11).
-1
Let s = -31 + 31. Let o(c) be the first derivative of c**2/2 - 6*c + 5. What is o(s)?
-6
Suppose -8*q - 73 + 25 = 0. Let c(v) = v**3 - 2*v + 6*v**2 - 6 + 0*v**2 - 1. Determine c(q).
5
Let s(z) be the third derivative of z**5/60 + 5*z**4/24 + 2*z**3/3 - 4*z**2 + 4*z. Let f(o) = o**2 - 5. Let b be f(4). Let r be b/(-2) - 6/12. Calculate s(r).
10
Let f be 34/(-10) + 21/(-35). Let q(z) = z**3 + 3*z**2 - 5*z + 1. Determine q(f).
5
Let m(x) = 3*x**3 - 3*x**2 - x - 3. Let j(r) = -10*r**3 + 7*r**2 + 2*r + 7. Let t(q) = -3*j(q) - 8*m(q). Calculate t(-2).
-37
Let q(k) = -7*k**2 + 3*k - 5. Let g(x) = -2*x**2 + x - 2. Suppose 2*d + 4*j + 12 = 0, 9*j = 4*j + 5. Let o(h) = d*g(h) + 3*q(h). What is o(-1)?
-5
Suppose -1 = 5*k + 4, -2*n + 189 = 5*k. Suppose -17 = -5*q - n. Let x(d) = -d**2 - 17*d - 22. Let i be x(q). Let h(z) = -z - 7. Calculate h(i).
-1
Let i(l) = -2*l**3 - l**2 + 1. Let b(r) = 13*r**3 + 11*r**2 - 7*r - 13. Let g(y) = b(y) + 6*i(y). Let q(f) = -f**2 + 2*f + 2. Let s be q(4). Give g(s).
-1
Let a(i) = 13*i**3 + 1. Let h(c) = -c**2 - 4*c + 5. Let u be h(-5). Suppose p = s - 6, 3*s + u*p + p + 2 = 0. Give a(s).
14
Let r(v) = 4*v - 15. Let g(q) = q - 2. Let w be g(8). Give r(w).
9
Let y(b) be the third derivative of 3/8*b**4 + 34*b**2 + 2/3*b**3 + 0 + 0*b. What is y(-3)?
-23
Let j = 106 - 106. Let q(p) = p**3 - p + 6. What is q(j)?
6
Let l(u) = -3*u**2 + 10*u - 4. Let p(d) = -4*d**2 + 10*d - 4. Let w(g) = 5*l(g) - 4*p(g). Calculate w(-10).
-4
Let m(t) be the first derivative of -7*t**2/2 - 5*t + 217. What is m(-5)?
30
Let r(l) = -3*l**2 + l + l**2 - 6*l + 7 + l**2. Let f = -44 - -23. Let i = f + 15. Determine r(i).
1
Suppose 0 = -2*r - 7 + 11. Let g(w) = -2*w + 6*w**r - 3 + 7*w**2 - 15*w**2 + 0*w. Give g(-3).
-15
Let b(c) be the first derivative of 10*c**2 - 29*c - 46. Let a(h) = 7*h - 10. Let y(p) = 8*a(p) - 3*b(p). Determine y(5).
-13
Let h(v) = -31*v - 3. Let a(m) = -7*m - 1. Let k(l) = -9*a(l) + 2*h(l). Calculate k(-4).
-1
Let p(j) be the third derivative of -j**5/60 + j**4/24 + j**3/2 - 13*j**2. Suppose -18 = -6*m - 0*m. Determine p(m).
-3
Let w be (-35)/5*(-4)/14. Suppose 6 = i + 2*v, 4*i - w*v + 6*v - 24 = 0. Let t(h) = -4*h - 36 + 5*h**2 - h**3 + 16 + 22 + 10*h. Determine t(i).
2
Let c(h) = -h**3 + 14*h**2 - h + 12. Let q = 254 - 240. Calculate c(q).
-2
Let l(x) = -3*x - 8. Let k be l(-5). Let r(p) = -p + 13. Give r(k).
6
Let c be ((-16)/4)/(-2 + 1). Suppose 0*t + c*